(u) be the first derivative of u**2/2 - 12*u + 3. Let m = 69 - 64. Determine k(m).
-7
Let h(a) be the second derivative of a**3/6 - a**2/2 + a. Let j be 2*(-13 + 14 - -2). Determine h(j).
5
Let h(y) be the third derivative of -y**4/24 + y**3/3 + 4*y**2. Let r = 7 + -7. Suppose r*w = -2*w + 2. Calculate h(w).
1
Suppose 4*c + 2*t = 3 + 15, 4*c - 5*t = -17. Let q(s) = -4*s + 8. Determine q(c).
0
Let s(u) = -14*u**2 + 8*u - 9. Let m(p) = 11*p**2 - 8*p + 9. Let t(q) = -5*m(q) - 4*s(q). What is t(-10)?
11
Let y = 24 + -18. Let f be y/6 - (-4)/1. Let p(j) = j**3 - 4*j**2 - 6*j - 4. Calculate p(f).
-9
Suppose -r + 2*r = -5*n + 22, 2*r + 2*n - 12 = 0. Let p(j) = -3 + j - 2*j + r. Let v = 54 + -55. Give p(v).
0
Let i(d) = 1 + 1 - 1 + d. Let m = 30 + -28. Let g be -3 + 8/(-16) + 15/m. Calculate i(g).
5
Let j(v) = 52*v + 7. Let d(a) = 28*a + 4. Let n(i) = -11*d(i) + 6*j(i). Let u(c) = -c**3 + 6*c**2 + 2*c - 6. Let k be u(6). Determine n(k).
22
Let t(a) = -a - 2. Let s be t(-1). Let m(d) = -3*d**3 + d**2 - d - 2. Let c be m(s). Let h(o) = -o**3 + 4*o**2 - o - 3. Calculate h(c).
3
Let u(a) = a + 5. Let i be (-1 - -7)/((-6)/4). Let k be u(i). Let z(r) be the first derivative of 7*r**3/3 - r**2/2 + r + 3. What is z(k)?
7
Suppose -3 = -2*a + 2*o - 5, 5*o + 31 = -4*a. Let r(u) = u**2 + 2*u - 5. What is r(a)?
3
Let p(w) be the third derivative of -w**6/120 - w**5/15 + w**4/6 + 2*w**3/3 - 151*w**2. Calculate p(-5).
9
Suppose 0 = 5*c + 2 + 3. Let i be (4 + 8/(-3))/(6/9). Let x(a) = 43*a**2 - 2 + 2 - 37*a**i. Determine x(c).
6
Let q(o) = -28*o + 11. Let i(a) = 13*a - 5. Let n(v) = -9*i(v) - 4*q(v). Determine n(1).
-4
Let p = 84 - 133. Let n = p + 44. Let g(f) = -f**2 - 5*f - 5. Determine g(n).
-5
Let p(k) = -10*k**2 + 2*k + 1. Suppose 2 = 6*z + 8. Calculate p(z).
-11
Let n(p) = 2*p + 41. Let h(y) = -2*y - 28. Let s(d) = -4*h(d) - 3*n(d). Give s(7).
3
Let s(a) be the first derivative of -a**4/4 - 7*a**3/3 - 3*a**2 + 4*a - 50. Let c be (-1)/(-4) + 46/8. Let m = c + -12. Give s(m).
4
Let u(i) = 8*i - 5. Let g(k) = k**2 - 15*k + 9. Let s(c) = 2*g(c) + 5*u(c). What is s(-6)?
5
Let y(c) = -2*c - 5. Let l(r) = 4*r + 40. Let o be l(-9). Suppose -o = -w - 10. What is y(w)?
7
Let s(y) = 6*y - 3. Let p = -124 + 129. Suppose p*i - 12*i = -14. Give s(i).
9
Let g = 440 - 440. Let z(j) = -j**3 + j**2 + j - 23. Calculate z(g).
-23
Let a(y) be the first derivative of -y**5/20 - y**4/2 - y**3/3 - 3*y**2 - 6*y - 8. Let b(g) be the first derivative of a(g). What is b(-6)?
6
Let b(m) = m**2. Let r = -54 + 38. Let p be (-12)/8*r/6. Suppose -2*j + p - 2 = 0. Determine b(j).
1
Let t(r) be the second derivative of -r**4/12 - r**3/6 + 7*r**2/2 - 10*r + 2. What is t(0)?
7
Let u(o) be the second derivative of -o**4/6 - o**3/2 + 2*o**2 - 8*o. Let w(t) = -t**2 - 2*t + 2. Let c(k) = -2*u(k) + 5*w(k). Calculate c(-6).
-10
Let k(a) = -a**3 - 6*a**2 + 14*a + 4. Let t(m) = m**3 + 6*m**2 - 15*m - 6. Let g(q) = -2*k(q) - 3*t(q). Give g(-8).
2
Let p(n) = -7 + 39*n + 42*n - 121*n + 41*n. Calculate p(13).
6
Let o(i) = 10*i - 2734*i**2 + 2733*i**2 - 1 - 11*i. Give o(-6).
-31
Let y(m) = m - 2. Let w be y(8). Let a(r) = -r**2 + 7*r - 6. Calculate a(w).
0
Let m(l) = -18 + 52 - 17 - 16. Let s(a) = -a**3 + 5*a**2 - 5*a + 8. Let w(q) = -6*m(q) + s(q). Give w(4).
-2
Let s(m) = -m**2 - 3*m + 5. Suppose 0*r = 3*r - 3*z + 9, -3*r + 16 = 2*z. Give s(r).
-5
Let f(h) = -2*h**2 - 14*h - 16. Let b be f(-2). Let c(t) be the first derivative of -t**4/4 + 5*t**3/3 - t**2/2 - t + 4. Give c(b).
11
Let m = -14 - -10. Let l(j) be the first derivative of -j**2/2 - j - 5. Let n(i) = 6*i + 6. Let c(t) = -4*l(t) - n(t). Calculate c(m).
6
Let k(r) = 93 - 87 - 44*r + 43*r. What is k(8)?
-2
Let s(x) = -4*x - 2 + 4 - 3*x + x**2. Suppose -128 + 164 = 6*n. Give s(n).
-4
Let l(p) = -p**2 + 6*p - 5. Let d(q) = 12*q - 22. Let o be d(6). Let h = 56 - o. Determine l(h).
-5
Let b(u) = u**3 + 10*u**2 - 11*u - 5. Let i(q) = -9 - 2 + 42*q**2 + 4*q - 43*q**2. Let d be i(0). Calculate b(d).
-5
Let b(p) = 9*p**2 - 7*p + 7. Let u(w) = -4*w**2 + 3*w - 3. Let l(t) = -3*b(t) - 7*u(t). Determine l(-5).
25
Suppose 0*k - 14 = -3*g - 2*k, 0 = -g - 2*k + 10. Let y(n) = -16*n**3 + 1 - 1 + 4*n + 15*n**3 - 2*n**g. Give y(-4).
16
Suppose 0 = 20*h + 17*h - 80 + 6. Let b(w) be the first derivative of w**4/4 - w**2/2 + 1. What is b(h)?
6
Let s(x) = 14*x + 8. Let h(u) = 11*u + 7. Let v(n) = -5*h(n) + 4*s(n). Let d(t) = 2*t**2 + 3*t - 1. Let b be d(-3). Let w = b + -11. Calculate v(w).
-6
Let s(h) be the third derivative of -h**4/8 + h**3/6 - 18*h**2 + 2*h. What is s(-1)?
4
Suppose -4 = -2*l - 2. Suppose y + 8 = 2*h, -h = -3 + l. Let s be (-3)/(-4*1/y). Let c(k) = -k**3 - 4*k**2 - k - 1. Determine c(s).
-7
Let c = 24 - 22. Let x(f) = 2*f + 5*f + c - 5*f. Let o be 1 + 2 + -2 + -4. Give x(o).
-4
Let m(f) be the first derivative of f**2/2 + 18*f + 254. What is m(-7)?
11
Let d(x) be the first derivative of -x**4/4 - 4*x**3/3 - x**2 - x - 355. Give d(-3).
-4
Let s(g) = -g**3 + 12*g**2 - 11*g - 1. Let n be s(11). Let r be (2 + 21/(-9))*(-4 - n). Let y(b) = 3*b**3 - 2*b**2 + b. What is y(r)?
2
Let j(m) = 87*m**2 - 20*m + 7. Let c(t) = 28*t**2 - 6*t + 2. Let k(s) = -10*c(s) + 3*j(s). Calculate k(-1).
-18
Let q(c) = -c**3 - 4*c**2 - 4*c - 3. Let p(u) = u**3 + 7*u**2 - u - 10. Let n be p(-7). Calculate q(n).
0
Let j(r) be the second derivative of -r**5/20 - 11*r**4/12 - 13*r**3/6 - 3*r**2 + 25*r + 1. What is j(-10)?
24
Let u be 39 - (5 - (-1)/(-1)). Let l be 19/(-7) + (-10)/u. Let y(n) = n**2 + 5*n + 3. What is y(l)?
-3
Let w(b) = -b**2 - 3*b - 4. Suppose 63*m = 59*m - 8. Calculate w(m).
-2
Let f(q) be the third derivative of -q**5/24 + q**4/24 + 14*q**3/3 + 21*q**2. Let x(d) be the first derivative of f(d). Give x(1).
-4
Suppose 3*y + 2*y + 3*b - 65 = 0, -2*y + b + 37 = 0. Let p(l) = 3 + y*l + 1 - 1 - 10*l. Calculate p(-2).
-9
Let y(h) = -h**2 + 3*h**2 - h**2 - 3 - 4*h. Let q(w) = w**2 - 5*w - 2. Let r(o) = 4*q(o) - 5*y(o). Give r(-5).
-18
Let f(g) = 3*g - 2. Let a(x) = -4*x + 2. Let z(k) = 5*a(k) + 6*f(k). Let v(j) = -4*j**2 + j + 1. Suppose -2*o - 4 = 2*o. Let w be v(o). Give z(w).
6
Let n(r) = -29*r**2 + r + 1. Let s(w) = w**3 + 4*w**2 + 9*w + 9. Let m be s(-2). Calculate n(m).
-29
Let v(a) = -a**2 - 3*a - 4. Let d(p) = 10*p**2 - 49*p + 115. Let u(x) = 7*x**2 - 33*x + 77. Let o(n) = 5*d(n) - 7*u(n). Let l be o(11). What is v(l)?
-22
Let i = -36 + 26. Let j be (-18)/i*(-10)/(-3). Suppose 7 = -s - j*s. Let y(v) = -6*v. Calculate y(s).
6
Let p(z) = 2 - z + 5 + 4 + 1. Let h be p(-9). Let l be 9/h + 72/(-21). Let x(u) = -2*u - 3. Determine x(l).
3
Suppose 0 = 7*a + 65 - 58. Let o(q) = -4*q. Give o(a).
4
Let x(t) = 2*t**2 - 2. Let m = -53 + 58. Suppose -c + 4 = 2*l, m*l = 4*c - c + 21. Determine x(c).
6
Let f(j) = j**2 - 5*j - 4. Let g be (0 - 0 - 3)/(-1). Suppose -6 = -2*a, -4 - 21 = 4*q - g*a. Let p be (-39)/(-6) + q/8. Give f(p).
2
Let r be -4*(-2)/16*24. Let k = -7 + r. Suppose -l + 4 = -k*f, -4*f - f + 3*l - 12 = 0. Let x(y) = -y - 7. Determine x(f).
-7
Suppose -7*m + m = -12. Let q(l) = -3 - 3*l**2 + 2*l + l + 2*l**2. Let x be q(m). Let r(n) = -7*n**3 - 2*n**2 - 2*n - 1. Give r(x).
6
Let h(d) be the first derivative of d**6/360 - d**5/24 - d**4/12 - 4*d**3 - 2. Let p(k) be the third derivative of h(k). Give p(5).
-2
Let g(b) be the third derivative of b**6/720 - b**5/40 - 3*b**4/4 + 17*b**2. Let o(x) be the second derivative of g(x). Determine o(-4).
-7
Let o(z) = -z**2 + 1. Let l be 6/54 + 34/18. Let f(n) = n**2 + 6*n + 5. Let g(i) = l*o(i) + f(i). Give g(7).
0
Suppose -8*m + 4 = -7*m. Let z(g) be the second derivative of g**4/12 - 2*g**3/3 - 2*g**2 + 2*g. Give z(m).
-4
Let v(d) be the first derivative of d**4/4 - 5*d**3/3 - 4*d**2 + 4*d - 66. Calculate v(6).
-8
Let x(c) = -c**3 + 2*c**2 - 18*c + 40. Let h be x(2). Let w(p) = p**3 - 3*p**2 - 6*p + 2. What is w(h)?
-6
Let y(z) = -z**2 - 7*z - 1. Let i be y(-5). Let j(d) be the first derivative of -5*d**2 + 1/4*d**4 - 8/3*d**3 + 13*d + 25. Calculate j(i).
4
Let n be ((-126)/12)/(-3)*2. Let g(h) = -h**2 + 12*h - 8. Give g(n).
27
Suppose -427 = -31*p - 30*p. Let i(c) = c**2 - 5*c - 5. What is i(p)?
9
Let t(l) be the third derivative of 1/60*l**5 + 0*l + 4*l**2 - 1/6*l**3 + 0*l**4 + 0. Let r be (-4)/(-6)*(18/(-12) + 0). 